*s. What is the greatest common divisor of b and s?
14
Let j be (-3)/(-2)*(-64)/(-3). Let a = -42 + 50. Calculate the highest common factor of j and a.
8
Suppose -15 = 3*p, -4*y + 35 = y + 4*p. Calculate the greatest common divisor of 44 and y.
11
Let x(z) = -z + 28. Let s be x(10). What is the greatest common factor of 2 and s?
2
Suppose 2*o = -5*l - 24, l + 3*l + 14 = o. Let i be o - (-2)/1*28. Calculate the greatest common divisor of i and 18.
18
Let b(r) = r**3 - 6*r**2 - 13*r + 52. Let k be b(7). What is the highest common factor of k and 40?
10
Suppose -4*s + 5*k + 305 = 0, -2*k + 141 = 3*s - 105. Suppose 5*y - w = 163, -3*w - 102 = -3*y - w. What is the greatest common factor of y and s?
16
Let h(q) = q**3 + 5. Let g be h(0). Suppose -3*j - 7 + 72 = -4*d, -g*d + 74 = 2*j. What is the highest common factor of j and 18?
9
Suppose 0*m = -3*m. Let t = 3 - m. Suppose 0 = -b - t*b + 480. Calculate the highest common factor of b and 15.
15
Let g = 138 - 82. Calculate the highest common factor of g and 14.
14
Suppose -4*u - v + 44 = 3*v, -9 = -3*u + 3*v. Suppose -5*x - 5 = 0, s - 6*x = -x + 61. Calculate the greatest common factor of u and s.
7
Suppose -7 = -4*t - 3, -4*s = 2*t - 22. Calculate the greatest common divisor of 55 and s.
5
Suppose 4*x - 288 = x. Suppose -2*u + 33 = 9. What is the highest common divisor of x and u?
12
Suppose -2*w = -2*f + 2, 5*w - 54 = -4*f - 14. What is the greatest common factor of f and 15?
5
Let s be (1 + (-8)/4)*-45. What is the highest common divisor of 9 and s?
9
Let r be 6*1 + (-12)/4. Suppose -r*u + 5*u = 24. Calculate the greatest common divisor of 4 and u.
4
Suppose -3*u = -2*u, 2*u = -4*p + 432. What is the highest common factor of 54 and p?
54
Suppose 21 = 3*u - 4*a, -2*u + a + 14 = 2*a. Suppose j = -0*j - 4. Let p = u - j. Calculate the highest common factor of 1 and p.
1
Suppose 0*k - 5 = -k. Let s(l) = l**3 + 9*l**2 - 23*l - 9. Let h be s(-11). What is the highest common divisor of h and k?
1
Suppose 2*x + 4*m = 7*x - 620, -2*x + 5*m + 265 = 0. What is the greatest common factor of x and 48?
24
Let p(s) = s**2 + 8*s - 56. Let i be p(-14). What is the highest common divisor of 224 and i?
28
Suppose o - 29 = -f, -o + 5*f + 53 - 6 = 0. Calculate the highest common divisor of 8 and o.
8
Let w(r) = -42*r + 31. Let n be w(-10). Calculate the highest common divisor of 41 and n.
41
Let g(y) = 4*y**2 + 7*y - 2. Suppose 9 - 27 = 3*q. Let f be g(q). What is the greatest common factor of f and 25?
25
Let k = 0 + 4. Suppose -k*x + t + 34 = -t, 3*x = t + 27. What is the greatest common divisor of x and 30?
10
Let u be (84/9)/((-1)/3). Let l = u - -43. Suppose v = 2*v - l. Calculate the greatest common divisor of 165 and v.
15
Suppose 3*w + 1 = -2*x - 7, 14 = 3*x - 2*w. Suppose -2*q = -3*j + 10, 0*q = -3*q - 6. Let k = j + -1. What is the greatest common factor of x and k?
1
Let f = -3 - 3. Let z = 9 + f. Suppose -228 = -z*w - 3. Calculate the highest common factor of 15 and w.
15
Let d = -90 + 108. What is the highest common divisor of 9 and d?
9
Let h = -8 - -11. Suppose 3*f - 3 + 6 = -2*x, 0 = -2*f - 4*x - 10. What is the highest common factor of h and f?
1
Let o be 16/(4/10*30/24). Calculate the greatest common divisor of o and 16.
16
Let d(i) = -2*i + 7. Let p be d(-3). Calculate the highest common divisor of p and 52.
13
Let c = 222 - 144. Suppose -c - 12 = -2*j. Calculate the highest common factor of j and 9.
9
Suppose 5 = 2*s - 21. Suppose 2*w + s = 3*w. What is the greatest common divisor of 117 and w?
13
Let y = -31 - -64. Let a = y + -21. Suppose j = 2*z + 36, z + 6 + 30 = j. Calculate the greatest common factor of j and a.
12
Suppose 0*g + 5*x = 2*g - 433, 621 = 3*g + 2*x. Let u = -17 - -36. What is the greatest common divisor of g and u?
19
Let n = 5 - 0. Calculate the highest common divisor of 35 and n.
5
Let c(u) = -3*u - 15. Let i be c(-9). Calculate the greatest common factor of 132 and i.
12
Suppose -61 - 39 = -2*p. What is the greatest common divisor of 75 and p?
25
Let w be ((-2)/(-4))/(7/(-28)). Let v be 52/2*(-1)/w. Calculate the highest common divisor of v and 26.
13
Let i be (-54)/((14/49)/(-1)). Let h be ((-27)/(-2))/((-2)/(-4)). Calculate the greatest common factor of h and i.
27
Let x = 6 - 4. Suppose 0 = 5*s - 5*g - 25, -3*s = x*s - 4*g - 30. What is the highest common factor of 10 and s?
10
Suppose 5*c = -41 + 116. Let w(o) = -o**2 + 5*o + 5. Let m be w(5). Calculate the greatest common divisor of m and c.
5
Let k = -1 - -6. Let o be (-1)/(-4) + k/(-4). Let u = 6 + o. Calculate the highest common divisor of u and 5.
5
Suppose 2*c + 7 = -q, 2*c - 1 + 9 = 0. Suppose 5 = 2*h - 1, 0 = 3*k + 4*h - 93. Suppose 0 = -0*z + 3*z - k. What is the highest common divisor of q and z?
1
Suppose 2*j - 69 = -z + 8, z + 83 = 2*j. What is the greatest common divisor of 8 and j?
8
Let a = 77 + -71. Suppose -2*f + 2 = -4*k, -12 = -3*f + k - 4*k. Calculate the greatest common divisor of a and f.
3
Suppose 0*d = d. Let n(l) = l + 165. Let s be n(d). Let v be 30/4*(3 + -1). What is the greatest common divisor of s and v?
15
Let v be (-54)/(-4) + ((-1)/2)/1. Calculate the greatest common factor of 117 and v.
13
Let o(x) = -x**3 - 7*x**2. Let c be o(-7). Suppose c = -0*f - 5*f + 200. Calculate the greatest common divisor of f and 8.
8
Let j = 24 - 4. Calculate the greatest common divisor of j and 50.
10
Let q = -31 + 46. Suppose -r + 0 = -q. Calculate the highest common divisor of r and 120.
15
Suppose -3*x + 117 = 3*g, x = -3*g + 2*x + 121. Calculate the highest common factor of 20 and g.
20
Let m(q) = -q**3 + 7*q**2 + 5*q + 1. Let o be m(7). Calculate the greatest common divisor of o and 18.
18
Let s = -56 - -59. What is the highest common factor of 6 and s?
3
Let a(y) = -2*y - 5. Let p be a(12). Let d = p - -41. What is the highest common factor of d and 96?
12
Let s = -140 + 212. Let t = 3 - -4. Let r = t - -11. What is the greatest common divisor of r and s?
18
Suppose 2*c + 1 = 101. Calculate the highest common factor of c and 20.
10
Suppose 6*o - 171 = -5*j + 3*o, 4*o + 120 = 3*j. What is the greatest common divisor of j and 12?
12
Let h be 3/(3/8) - 2. What is the highest common divisor of h and 48?
6
Suppose -f + 3 = 4, -n - 3 = 5*f. What is the greatest common factor of 10 and n?
2
Let y be (-8)/(-20) + 3/5. Let m be 0*(2 - y) + 3. Suppose -52 = -n - 2*j, -2*n = -m*n + 4*j + 58. What is the greatest common divisor of n and 18?
18
Let o(r) = r**3 - 7*r**2 + 2*r - 6. Let q be o(7). Suppose 2*w - 4*n - 140 = 0, n + n = 4*w - 262. What is the greatest common divisor of q and w?
8
Let i be 270/2 + 10/5. Let h be 6/(-27) - i/(-9). Let q be 4/2*(-75)/(-2). Calculate the highest common factor of h and q.
15
Suppose 0 = -4*q - 0*q. Let y = 0 - q. Suppose 4*s + 5*g = 130, 5*s - 2*s + 5*g - 100 = y. Calculate the highest common factor of 12 and s.
6
Let b(l) = -l**2 - 4*l + 4. Let h be b(-4). Suppose h*o + o + 25 = 5*c, 29 = 5*c - 4*o. Calculate the highest common divisor of c and 81.
9
Let d(j) = j**2 + j + 33. Let l be d(0). What is the greatest common factor of 3 and l?
3
Suppose p - 1 = 1. Let l(a) = -a - 33. Let i be l(0). Let f be i/(-2)*(-8)/(-6). Calculate the highest common divisor of f and p.
2
Suppose -31 + 70 = 3*h. Calculate the highest common divisor of 26 and h.
13
Let m = -8 - -15. What is the greatest common divisor of 14 and m?
7
Let u be 1/((-2)/(-6) - 0). Let a = -12 - -33. Calculate the highest common factor of a and u.
3
Let l(g) = 4*g**2 - 4*g + 9. Let x be l(6). Let f = x - 80. Suppose 3*z = 5*w + 53, -3*z + 0*z + f = -w. What is the greatest common factor of 16 and z?
16
Suppose -4*f + 2*t = -2, 2*t - 3*t + 11 = 4*f. Let d = 28 + -12. What is the greatest common factor of f and d?
2
Suppose 7*a - 97 = 8. What is the greatest common factor of 5 and a?
5
Let r = 15 + 0. Let z be (-10)/((-2)/8 - 56/32). Calculate the greatest common divisor of z and r.
5
Let p be (-576)/30*3/9*-10. Calculate the greatest common divisor of p and 16.
16
Let v(p) = p**3 - 5*p**2 + 3*p - 7. Let g be v(7). Let k = -12 - g. Let w be k/(-12) + (-2)/(-3). Calculate the highest common factor of 11 and w.
11
Let q(d) = -d**3 - 9*d**2 - 7*d. Let l be q(-8). Let n = -7 - l. What is the greatest common divisor of n